{"id":5976,"date":"2023-03-13T09:38:29","date_gmt":"2023-03-13T08:38:29","guid":{"rendered":"https:\/\/steampunkbar.se\/victorian\/?page_id=5976"},"modified":"2024-12-03T11:10:03","modified_gmt":"2024-12-03T10:10:03","slug":"dryckesprovning","status":"publish","type":"page","link":"https:\/\/steampunkbar.se\/victorian\/dryckesprovning\/","title":{"rendered":"Dryckesprovning i G\u00f6teborg"},"content":{"rendered":"<div class=\"wrapper\">\r\n<p style=\"font-size: 23px;\"><em><span style=\"font-weight: 400;\">\u00c4r det dags f\u00f6r after work i G\u00f6teborg, ska ni fira n\u00e5gons f\u00f6delsedag eller vill du bara hitta p\u00e5 n\u00e5got kul med dina v\u00e4nner? D\u00e5 har du hittat helt r\u00e4tt. Vi p\u00e5 Victorian Steampunk erbjuder allt fr\u00e5n \u00f6lprovningar och ginprovningar till cocktailprovningar &#8211; allt f\u00e5r du uppleva i \u00e4kta viktoriansk steampunk-milj\u00f6. <\/span><\/em><\/p>\r\n<p style=\"font-size: 23px;\"><em><span style=\"font-weight: 400;\">F\u00f6rutom att du f\u00e5r ta del av en smakexplosion tar du \u00e4ven med dig kunskap och rolig fakta om respektive dryck. Det blir en kv\u00e4ll du sent kommer gl\u00f6mma helt enkelt! V\u00e4nta inte p\u00e5 b\u00e4ttre tider, <a href=\"https:\/\/steampunkbar.se\/victorian\/kontakt\/\">kontakta oss redan idag<\/a> och boka in din dryckesprovning eller l\u00e4s mer om respektive provning nedan. Vi ses i G\u00f6teborg!<\/span><\/em><\/p>\r\n\r\n<div class=\"row-drink\">\r\n<div class=\"column\">\r\n<div class=\"provning-bild\"><a href=\"https:\/\/steampunkbar.se\/victorian\/dryckesprovning\/olprovning-goteborg\/\"><img decoding=\"async\" src=\"https:\/\/steampunkbar.se\/victorian\/wp-content\/uploads\/sites\/2\/2020\/12\/\u00f6l-victorian.jpg\" alt=\"\u00d6lprovning i Steampunkmilj\u00f6\" \/><\/a><\/div>\r\n<h2>\u00d6lprovning<\/h2>\r\n<span style=\"font-weight: 400;\">Boka in en sp\u00e4nnande upplevelse d\u00e4r nya smaker och kunskap st\u00e5r p\u00e5 schemat! Efter v\u00e5r kurs beh\u00f6ver du aldrig mer fundera p\u00e5 vilken \u00f6l du alltid ska ha hemma, vilken \u00f6lsort som passar till vilken matr\u00e4tt eller varf\u00f6r \u00f6len \u00e4r s\u00e5 pass popul\u00e4r som den \u00e4r. <a href=\"https:\/\/steampunkbar.se\/victorian\/dryckesprovning\/olprovning-goteborg\/\">Boka in din n\u00e4sta \u00f6lprovning eller l\u00e4s mer om v\u00e5r kurs h\u00e4r!\u00a0<\/a><\/span><\/div>\r\n<div class=\"column\">\r\n<div class=\"provning-bild\"><a href=\"https:\/\/steampunkbar.se\/victorian\/dryckesprovning\/ginprovning-goteborg\/\"><img decoding=\"async\" src=\"https:\/\/steampunkbar.se\/victorian\/wp-content\/uploads\/sites\/2\/2023\/01\/GT-ginprovning-819x1024.jpg\" alt=\"Ginprovning i G\u00f6teborg\" \/><\/a><\/div>\r\n<h2>Ginprovning<\/h2>\r\n<span style=\"font-weight: 400;\">Letar du efter ett s\u00e4tt att testa p\u00e5 nya smaker, vill du uppt\u00e4cka din nya favorit eller \u00e4r det dags att smaka p\u00e5 gin f\u00f6r f\u00f6rsta g\u00e5ngen? Oavsett vem du \u00e4r eller vilka preferenser du har \u00e4r du v\u00e4lkommen till oss. <a href=\"https:\/\/steampunkbar.se\/victorian\/dryckesprovning\/ginprovning-goteborg\/\">L\u00e4s mer h\u00e4r och boka din n\u00e4sta ginprovning redan idag!<\/a><\/span><\/div>\r\n<\/div>\r\n<\/div>\r\n<div class=\"row-drink\">\r\n<div class=\"column\">\r\n<div class=\"provning-bild\"><a href=\"https:\/\/steampunkbar.se\/victorian\/dryckesprovning\/cocktail-provning\/\"><img decoding=\"async\" src=\"https:\/\/steampunkbar.se\/victorian\/wp-content\/uploads\/sites\/2\/2020\/12\/cocktailprovning.jpg\" alt=\"Cocktailprovning p\u00e5 Steampunk Lab\" \/><\/a><\/div>\r\n<h2>Cocktailprovning<\/h2>\r\n<span style=\"font-weight: 400;\">\u00a0Vill du veta mer om vilka redskap du beh\u00f6ver ha hemma f\u00f6r att g\u00f6ra den b\u00e4sta drinken? Eller vill du kanske bli b\u00e4ttre p\u00e5 att passa ihop r\u00e4tt dryck med r\u00e4tt mat? D\u00e5 \u00e4r v\u00e5r cocktailprovning n\u00e5got f\u00f6r dig! <a href=\"https:\/\/steampunkbar.se\/victorian\/dryckesprovning\/cocktail-provning\/\">V\u00e4lkommen att boka in din n\u00e4sta dryckesprovning hos oss redan idag!<\/a><\/span><\/div>\r\n<\/div>","protected":false},"excerpt":{"rendered":"<p>\u00c4r det dags f\u00f6r after work i G\u00f6teborg, ska ni fira n\u00e5gons f\u00f6delsedag eller vill du bara hitta p\u00e5 n\u00e5got kul med dina v\u00e4nner? D\u00e5 har du hittat helt r\u00e4tt. Vi p\u00e5 Victorian Steampunk erbjuder allt fr\u00e5n \u00f6lprovningar och ginprovningar till cocktailprovningar &#8211; allt f\u00e5r du uppleva i \u00e4kta viktoriansk steampunk-milj\u00f6. F\u00f6rutom att du f\u00e5r <a href=\"https:\/\/steampunkbar.se\/victorian\/dryckesprovning\/\" class=\"more-link\">&#8230;<\/a><\/p>\n","protected":false},"author":2,"featured_media":0,"parent":0,"menu_order":0,"comment_status":"closed","ping_status":"closed","template":"","meta":{"footnotes":""},"acf":[],"yoast_head":"<!-- This site is optimized with the Yoast SEO plugin v19.13 - https:\/\/yoast.com\/wordpress\/plugins\/seo\/ -->\n<title>Boka \u00f6l-, gin- eller cocktailprovning i G\u00f6teborg redan idag!<\/title>\n<meta name=\"description\" content=\"Planerar du en svensexa, m\u00f6hippa eller AW i G\u00f6teborg? H\u00e4r \u00e4r den! Vi har den perfekta aktiviteten till din n\u00e4sta utekv\u00e4ll! L\u00e4s mer &amp; boka redan idag!\" \/>\n<meta name=\"robots\" content=\"index, follow, max-snippet:-1, max-image-preview:large, max-video-preview:-1\" \/>\n<link rel=\"canonical\" href=\"https:\/\/steampunkbar.se\/victorian\/dryckesprovning\/\" \/>\n<meta property=\"og:locale\" content=\"sv_SE\" \/>\n<meta property=\"og:type\" content=\"article\" \/>\n<meta property=\"og:title\" content=\"Boka \u00f6l-, gin- eller cocktailprovning i G\u00f6teborg redan idag!\" \/>\n<meta property=\"og:description\" content=\"Planerar du en svensexa, m\u00f6hippa eller AW i G\u00f6teborg? H\u00e4r \u00e4r den! Vi har den perfekta aktiviteten till din n\u00e4sta utekv\u00e4ll! L\u00e4s mer &amp; boka redan idag!\" \/>\n<meta property=\"og:url\" content=\"https:\/\/steampunkbar.se\/victorian\/dryckesprovning\/\" \/>\n<meta property=\"og:site_name\" content=\"Victorian Steampunk Lab\" \/>\n<meta property=\"article:modified_time\" content=\"2024-12-03T10:10:03+00:00\" \/>\n<meta property=\"og:image\" content=\"https:\/\/steampunkbar.se\/victorian\/wp-content\/uploads\/sites\/2\/2023\/01\/GT-ginprovning-819x1024.jpg\" \/>\n<meta name=\"twitter:card\" content=\"summary_large_image\" \/>\n<meta name=\"twitter:label1\" content=\"Ber\u00e4knad l\u00e4stid\" \/>\n\t<meta name=\"twitter:data1\" content=\"2 minuter\" \/>\n<script type=\"application\/ld+json\" class=\"yoast-schema-graph\">{\"@context\":\"https:\/\/schema.org\",\"@graph\":[{\"@type\":\"WebPage\",\"@id\":\"https:\/\/steampunkbar.se\/victorian\/dryckesprovning\/\",\"url\":\"https:\/\/steampunkbar.se\/victorian\/dryckesprovning\/\",\"name\":\"Boka \u00f6l-, gin- eller cocktailprovning i G\u00f6teborg redan idag!\",\"isPartOf\":{\"@id\":\"https:\/\/steampunkbar.se\/victorian\/#website\"},\"datePublished\":\"2023-03-13T08:38:29+00:00\",\"dateModified\":\"2024-12-03T10:10:03+00:00\",\"description\":\"Planerar du en svensexa, m\u00f6hippa eller AW i G\u00f6teborg? H\u00e4r \u00e4r den! Vi har den perfekta aktiviteten till din n\u00e4sta utekv\u00e4ll! L\u00e4s mer & boka redan idag!\",\"breadcrumb\":{\"@id\":\"https:\/\/steampunkbar.se\/victorian\/dryckesprovning\/#breadcrumb\"},\"inLanguage\":\"sv-SE\",\"potentialAction\":[{\"@type\":\"ReadAction\",\"target\":[\"https:\/\/steampunkbar.se\/victorian\/dryckesprovning\/\"]}]},{\"@type\":\"BreadcrumbList\",\"@id\":\"https:\/\/steampunkbar.se\/victorian\/dryckesprovning\/#breadcrumb\",\"itemListElement\":[{\"@type\":\"ListItem\",\"position\":1,\"name\":\"Hem\",\"item\":\"https:\/\/steampunkbar.se\/victorian\/\"},{\"@type\":\"ListItem\",\"position\":2,\"name\":\"Dryckesprovning i G\u00f6teborg\"}]},{\"@type\":\"WebSite\",\"@id\":\"https:\/\/steampunkbar.se\/victorian\/#website\",\"url\":\"https:\/\/steampunkbar.se\/victorian\/\",\"name\":\"Victorian Steampunk Lab\",\"description\":\"Resturang victorian steampunk lab\",\"potentialAction\":[{\"@type\":\"SearchAction\",\"target\":{\"@type\":\"EntryPoint\",\"urlTemplate\":\"https:\/\/steampunkbar.se\/victorian\/?s={search_term_string}\"},\"query-input\":\"required name=search_term_string\"}],\"inLanguage\":\"sv-SE\"}]}<\/script>\n<!-- \/ Yoast SEO plugin. -->","yoast_head_json":{"title":"Boka \u00f6l-, gin- eller cocktailprovning i G\u00f6teborg redan idag!","description":"Planerar du en svensexa, m\u00f6hippa eller AW i G\u00f6teborg? H\u00e4r \u00e4r den! Vi har den perfekta aktiviteten till din n\u00e4sta utekv\u00e4ll! L\u00e4s mer & boka redan idag!","robots":{"index":"index","follow":"follow","max-snippet":"max-snippet:-1","max-image-preview":"max-image-preview:large","max-video-preview":"max-video-preview:-1"},"canonical":"https:\/\/steampunkbar.se\/victorian\/dryckesprovning\/","og_locale":"sv_SE","og_type":"article","og_title":"Boka \u00f6l-, gin- eller cocktailprovning i G\u00f6teborg redan idag!","og_description":"Planerar du en svensexa, m\u00f6hippa eller AW i G\u00f6teborg? H\u00e4r \u00e4r den! Vi har den perfekta aktiviteten till din n\u00e4sta utekv\u00e4ll! L\u00e4s mer & boka redan idag!","og_url":"https:\/\/steampunkbar.se\/victorian\/dryckesprovning\/","og_site_name":"Victorian Steampunk Lab","article_modified_time":"2024-12-03T10:10:03+00:00","og_image":[{"url":"https:\/\/steampunkbar.se\/victorian\/wp-content\/uploads\/sites\/2\/2023\/01\/GT-ginprovning-819x1024.jpg"}],"twitter_card":"summary_large_image","twitter_misc":{"Ber\u00e4knad l\u00e4stid":"2 minuter"},"schema":{"@context":"https:\/\/schema.org","@graph":[{"@type":"WebPage","@id":"https:\/\/steampunkbar.se\/victorian\/dryckesprovning\/","url":"https:\/\/steampunkbar.se\/victorian\/dryckesprovning\/","name":"Boka \u00f6l-, gin- eller cocktailprovning i G\u00f6teborg redan idag!","isPartOf":{"@id":"https:\/\/steampunkbar.se\/victorian\/#website"},"datePublished":"2023-03-13T08:38:29+00:00","dateModified":"2024-12-03T10:10:03+00:00","description":"Planerar du en svensexa, m\u00f6hippa eller AW i G\u00f6teborg? H\u00e4r \u00e4r den! Vi har den perfekta aktiviteten till din n\u00e4sta utekv\u00e4ll! L\u00e4s mer & boka redan idag!","breadcrumb":{"@id":"https:\/\/steampunkbar.se\/victorian\/dryckesprovning\/#breadcrumb"},"inLanguage":"sv-SE","potentialAction":[{"@type":"ReadAction","target":["https:\/\/steampunkbar.se\/victorian\/dryckesprovning\/"]}]},{"@type":"BreadcrumbList","@id":"https:\/\/steampunkbar.se\/victorian\/dryckesprovning\/#breadcrumb","itemListElement":[{"@type":"ListItem","position":1,"name":"Hem","item":"https:\/\/steampunkbar.se\/victorian\/"},{"@type":"ListItem","position":2,"name":"Dryckesprovning i G\u00f6teborg"}]},{"@type":"WebSite","@id":"https:\/\/steampunkbar.se\/victorian\/#website","url":"https:\/\/steampunkbar.se\/victorian\/","name":"Victorian Steampunk Lab","description":"Resturang victorian steampunk lab","potentialAction":[{"@type":"SearchAction","target":{"@type":"EntryPoint","urlTemplate":"https:\/\/steampunkbar.se\/victorian\/?s={search_term_string}"},"query-input":"required name=search_term_string"}],"inLanguage":"sv-SE"}]}},"_links":{"self":[{"href":"https:\/\/steampunkbar.se\/victorian\/wp-json\/wp\/v2\/pages\/5976"}],"collection":[{"href":"https:\/\/steampunkbar.se\/victorian\/wp-json\/wp\/v2\/pages"}],"about":[{"href":"https:\/\/steampunkbar.se\/victorian\/wp-json\/wp\/v2\/types\/page"}],"author":[{"embeddable":true,"href":"https:\/\/steampunkbar.se\/victorian\/wp-json\/wp\/v2\/users\/2"}],"replies":[{"embeddable":true,"href":"https:\/\/steampunkbar.se\/victorian\/wp-json\/wp\/v2\/comments?post=5976"}],"version-history":[{"count":28,"href":"https:\/\/steampunkbar.se\/victorian\/wp-json\/wp\/v2\/pages\/5976\/revisions"}],"predecessor-version":[{"id":6888,"href":"https:\/\/steampunkbar.se\/victorian\/wp-json\/wp\/v2\/pages\/5976\/revisions\/6888"}],"wp:attachment":[{"href":"https:\/\/steampunkbar.se\/victorian\/wp-json\/wp\/v2\/media?parent=5976"}],"curies":[{"name":"wp","href":"https:\/\/api.w.org\/{rel}","templated":true}]}}